{"id":2192,"date":"2012-09-06T18:42:53","date_gmt":"2012-09-06T16:42:53","guid":{"rendered":"http:\/\/hallingdalflyklubb.no\/wordpress\/?page_id=2192"},"modified":"2023-08-20T14:26:37","modified_gmt":"2023-08-20T12:26:37","slug":"videoer","status":"publish","type":"page","link":"https:\/\/hallingdalflyklubb.no\/wordpress\/galleri-media\/videoer\/","title":{"rendered":"Video&#039;er"},"content":{"rendered":"<p><a href=\"\/video\/Grob-III-sl.mp4\">Da Grob&#8217;en var ny for oss i 2008<\/a><\/p>\n<p><a href=\"\/video\/test-flyging2.mp4\">Testflyging av Silent i Italia v\/Arne og Hans<\/a><\/p>\n<p><a href=\"\/video\/ctsw-ski.mp4\">CT&#8217;en p\u00e5 ski for f\u00f8rste gang<\/a><\/p>\n<p><a href=\"\/video\/video-asfalt-klanten.mp4\">Ny asfalt p\u00e5 Klanten 2011<\/a><\/p>\n<p><a href=\"\/video\/skifly-klanten-storfjorden.mp4\">Tur fra Klanten til Storfjorden<\/a><\/p>\n<p><a href=\"\/video\/skifly-storfjorden-klanten.mp4\">Tur fra Storfjorden til Klanten<\/a><\/p>\n<p><a href=\"\/video\/video-arne-n.mp4\">Fra \u00e5pningen av ny asfalt p\u00e5 Klanten v\/AN<\/a><\/p>\n<p><a href=\"\/video\/snorklypp-cessna.mp4\">Snorklypp med Cessna&#8217;en ny asfalt Klanten<\/a><\/p>\n<p><a href=\"\/video\/skifly.mp4\">Tur med CT&#8217;en p\u00e5 ski<\/a><\/p>\n<p><a href=\"\/video\/seilflyslep.mp4\">Seilflyslep fra Klanten til Nystuen<\/a><\/p>\n<p><a href=\"\/video\/ash-ottar-vinter.mp4\">Med Ottar og ASH&#8217;en i Jotunheimen til Klanten<\/a><\/p>\n<p><a href=\"\/video\/Nymalt-stripe.mp4\">Pr\u00f8veflyging av nymalt bane 2012<\/a><\/p>\n<p><a href=\"\/video\/Ct-Cub-ski.mp4\">Med CT og Cub p\u00e5 ski i fjellet<\/a><\/p>\n<p><a href=\"\/video\/acroflyging-B-4.mp4\">Acroflyging med B-4 over Klanten<\/a><\/p>\n<p><a href=\"\/video\/Klanten-julehilsen.mp4\">Julehilsen p\u00e5 Klanten!<\/a><\/p>\n<p>Lenker til YouTube:<\/p>\n<p><a href=\"https:\/\/www.youtube.com\/watch?v=suH_g_q4xrQ\" target=\"_blank\" rel=\"noopener\">Utrovatn 1981<\/a><\/p>\n<p><a href=\"https:\/\/www.youtube.com\/watch?v=JLD1bqNAoqc\" target=\"_blank\" rel=\"noopener\">Klanten i 60 \u00e5ra<\/a><\/p>\n<p><a href=\"https:\/\/www.youtube.com\/watch?v=uzZCPNluNSU\" target=\"_blank\" rel=\"noopener\">Flyleir Utr\u00f8vann Nystuen<\/a><\/p>\n<p><a href=\"https:\/\/www.youtube.com\/watch?v=Parom71AS8k\" target=\"_blank\" rel=\"noopener\">Sj\u00f8fly Tisleia 07<\/a><\/p>\n<p><a href=\"https:\/\/www.youtube.com\/watch?v=JSvC5DGw7lk\" target=\"_blank\" rel=\"noopener\">Sj\u00f8fly Tisleia 2 Cub&#8217;er 07<\/a><\/p>\n<p><a href=\"https:\/\/www.youtube.com\/watch?v=jS7S9JGEdps\" target=\"_blank\" rel=\"noopener\">Modell Nystuen knall<\/a><\/p>\n<p><a href=\"https:\/\/www.youtube.com\/watch?v=XnuzJCBXEEI\">Flystevne p\u00e5 Klanten 1989<\/a><\/p>\n<p><a href=\"https:\/\/www.tv2.no\/video\/underholdning\/god-morgen-norge\/dette-flyet-har-ingen-motor\/1589325\/\">Dette flyet har ingen motor (tv2.no)<\/a><\/p>\n<p><a href=\"https:\/\/www.tv2.no\/video\/underholdning\/god-morgen-norge\/bli-med-da-god-morgen-norges-reporter-fikk-teste-seilfly\/1589329\/\">Bli med da God morgen Norges reporter fikk teste seilfly (tv2.no)<\/a><\/p>\n<p><a href=\"\/video\/video-o-rygg.mp4\">Spektakul\u00e6r flyging i Vest Jotunheimen<\/a> med fly dropp til V\u00e6rstasjon p\u00e5 sognefjellet videre ned Vetle Utladalen. Stopper motoren og glideflyr oppi Skagast\u00f8lstindane og Styggedalsryggen. Fra Oddvar Rygg<\/p>\n<h2>Arne Nibstad sine video&#8217;er<\/h2>\n<h3>Klanten hus 1993<\/h3>\n<p><a href=\"https:\/\/www.youtube.com\/watch?v=my9_J2NgLsc\">https:\/\/www.youtube.com\/watch?v=my9_J2NgLsc<\/a><\/p>\n<h3>Arne hopper strikk 1992<\/h3>\n<p><a href=\"https:\/\/www.youtube.com\/watch?v=Od91tXlrCOM\">https:\/\/www.youtube.com\/watch?v=Od91tXlrCOM<\/a><\/p>\n<h3>L\u00f8ypekj\u00f8ring i 1981 Storefjell<\/h3>\n<p><a href=\"https:\/\/www.youtube.com\/watch?v=aQdk194Efgw\">https:\/\/www.youtube.com\/watch?v=aQdk194Efgw<\/a><\/p>\n<h3>\u00a0Klanten 1991 til 1994 Hangar og hus 1 til 10 min<\/h3>\n<p><a href=\"https:\/\/www.youtube.com\/watch?v=p1MDk3-VrOw&amp;feature=em-share_video_user\">https:\/\/www.youtube.com\/watch?v=p1MDk3-VrOw&amp;feature=em-share_video_user<\/a><\/p>\n<div>\n<div>\n<h3 data-ft=\"{&quot;type&quot;:11,&quot;tn&quot;:&quot;C&quot;}\"><strong>Klanten 1991 til 1994 Hangar og hus 11 til 20 min<\/strong><\/h3>\n<div data-ft=\"{&quot;type&quot;:11,&quot;tn&quot;:&quot;C&quot;}\"><a href=\"https:\/\/www.youtube.com\/watch?v=Q39XDpYCaW0&amp;feature=share\">https:\/\/www.youtube.com\/watch?v=Q39XDpYCaW0&amp;feature=share<\/a><\/div>\n<div data-ft=\"{&quot;type&quot;:11,&quot;tn&quot;:&quot;C&quot;}\">\n<h3><strong><strong>Klanten 1991 til 1994 Hangar og hus 21 til 30 min<\/strong><\/strong><\/h3>\n<\/div>\n<div data-ft=\"{&quot;type&quot;:11,&quot;tn&quot;:&quot;C&quot;}\">\n<div>\n<div>\n<p><a href=\"https:\/\/www.youtube.com\/watch?v=bFQyOFeGQZg&amp;feature=share\">https:\/\/www.youtube.com\/watch?v=bFQyOFeGQZg&amp;feature=share<\/a><\/p>\n<h3><strong><strong>Klanten 1991 til 1994 Hangar og hus 31 til 40 min<\/strong><\/strong><\/h3>\n<p><a href=\"https:\/\/www.youtube.com\/watch?v=fQHLfro6NT0\">https:\/\/www.youtube.com\/watch?v=fQHLfro6NT0<\/a><\/p>\n<h3>Klanten 1991 til 1994 Hangar og hus 41 til 47 min<\/h3>\n<p><a href=\"https:\/\/www.youtube.com\/watch?v=dxnJoXcUXEg\">https:\/\/www.youtube.com\/watch?v=dxnJoXcUXEg<\/a><\/p>\n<h3>Klanten Leirin dagali Dagservyen 1983<\/h3>\n<p><a href=\"https:\/\/www.youtube.com\/watch?v=0dyId-CPmAU\">https:\/\/www.youtube.com\/watch?v=0dyId-CPmAU<\/a><\/p>\n<h3>Warbirds p\u00e5 Klanten i 1997<\/h3>\n<p><a href=\"https:\/\/www.youtube.com\/watch?v=xc4pFwFcwzI\">https:\/\/www.youtube.com\/watch?v=xc4pFwFcwzI<\/a><\/p>\n<\/div>\n<\/div>\n<\/div>\n<div data-ft=\"{&quot;type&quot;:11,&quot;tn&quot;:&quot;C&quot;}\"><\/div>\n<div data-ft=\"{&quot;type&quot;:11,&quot;tn&quot;:&quot;C&quot;}\"><\/div>\n<\/div>\n<\/div>\n","protected":false},"excerpt":{"rendered":"<p>Da Grob&#8217;en var ny for oss i 2008 Testflyging av Silent i Italia v\/Arne og Hans CT&#8217;en p\u00e5 ski for f\u00f8rste gang Ny asfalt p\u00e5 Klanten 2011 Tur fra Klanten til Storfjorden Tur fra Storfjorden til Klanten Fra \u00e5pningen av &hellip; <a href=\"https:\/\/hallingdalflyklubb.no\/wordpress\/galleri-media\/videoer\/\">Les videre <span class=\"meta-nav\">&rarr;<\/span><\/a><\/p>\n","protected":false},"author":9,"featured_media":0,"parent":4163,"menu_order":0,"comment_status":"closed","ping_status":"closed","template":"","meta":{"footnotes":""},"class_list":["post-2192","page","type-page","status-publish","hentry"],"_links":{"self":[{"href":"https:\/\/hallingdalflyklubb.no\/wordpress\/wp-json\/wp\/v2\/pages\/2192","targetHints":{"allow":["GET"]}}],"collection":[{"href":"https:\/\/hallingdalflyklubb.no\/wordpress\/wp-json\/wp\/v2\/pages"}],"about":[{"href":"https:\/\/hallingdalflyklubb.no\/wordpress\/wp-json\/wp\/v2\/types\/page"}],"author":[{"embeddable":true,"href":"https:\/\/hallingdalflyklubb.no\/wordpress\/wp-json\/wp\/v2\/users\/9"}],"replies":[{"embeddable":true,"href":"https:\/\/hallingdalflyklubb.no\/wordpress\/wp-json\/wp\/v2\/comments?post=2192"}],"version-history":[{"count":69,"href":"https:\/\/hallingdalflyklubb.no\/wordpress\/wp-json\/wp\/v2\/pages\/2192\/revisions"}],"predecessor-version":[{"id":5952,"href":"https:\/\/hallingdalflyklubb.no\/wordpress\/wp-json\/wp\/v2\/pages\/2192\/revisions\/5952"}],"up":[{"embeddable":true,"href":"https:\/\/hallingdalflyklubb.no\/wordpress\/wp-json\/wp\/v2\/pages\/4163"}],"wp:attachment":[{"href":"https:\/\/hallingdalflyklubb.no\/wordpress\/wp-json\/wp\/v2\/media?parent=2192"}],"curies":[{"name":"wp","href":"https:\/\/api.w.org\/{rel}","templated":true}]}}