{"id":3339,"date":"2016-05-10T17:32:10","date_gmt":"2016-05-10T15:32:10","guid":{"rendered":"http:\/\/hallingdalflyklubb.no\/wordpress\/?page_id=3339"},"modified":"2023-08-11T13:29:00","modified_gmt":"2023-08-11T11:29:00","slug":"asw19b","status":"publish","type":"page","link":"https:\/\/hallingdalflyklubb.no\/wordpress\/flyging\/asw19b\/","title":{"rendered":"FLARM RADAR Klanten"},"content":{"rendered":"<p>Vi har v\u00e5r egen &laquo;FLARM-Radar&raquo; mottager p\u00e5 Klanten.<\/p>\n<p>Link til visning av fly med FLARM:<br \/><a href=\"https:\/\/glideandseek.com\/?viewport=60.86230,9.21204,8\" target=\"_blank\" rel=\"noreferrer noopener\"> \u00abGlide &amp; Seek\u00bb<\/a> Klikk symbolet\u00a0 \u00abLayers\u00bb for \u00e5 velge veier, mottagere, v\u00e6r etc i kartet<\/p>\n\n<div class=\"wp-block-image\">\n<figure class=\"aligncenter size-full is-resized\"><a href=\"https:\/\/glideandseek.com\/?viewport=60.86230,9.21204,8\" target=\"_blank\" rel=\"noreferrer noopener\"><img loading=\"lazy\" decoding=\"async\" src=\"https:\/\/hallingdalflyklubb.no\/wordpress\/wp-content\/uploads\/2023\/08\/image-2-1.png\" alt=\"\" class=\"wp-image-5902\" style=\"width:107px;height:73px\" width=\"107\" height=\"73\"\/><\/a><\/figure>\n<\/div>\n\n\n<p>For \u00e5 se hvilken dekning vi har oppn\u00e5dd over tid kan du bes\u00f8ke <a rel=\"noreferrer noopener\" href=\"https:\/\/ognrange.onglide.com\/?lat=60.74413&amp;lng=11.11371&amp;zoom=6.3\" target=\"_blank\">denne siden<\/a> hos de som drifter tjenesten Open Glider Network  &#8211; &laquo;OGN&raquo;. Som du vil se har vi med v\u00e5r plassering h\u00f8yt over havet p\u00e5 Golsfjellet dekning i toppklasse!<\/p>\n\n\n<div class=\"wp-block-image\">\n<figure class=\"aligncenter size-full\"><a href=\"https:\/\/ognrange.onglide.com\/?lat=60.74413&amp;lng=11.11371&amp;zoom=6.3\" target=\"_blank\" rel=\"noreferrer noopener\"><img loading=\"lazy\" decoding=\"async\" width=\"178\" height=\"128\" src=\"https:\/\/hallingdalflyklubb.no\/wordpress\/wp-content\/uploads\/2023\/08\/image-3.png\" alt=\"\" class=\"wp-image-5905\"\/><\/a><\/figure>\n<\/div>","protected":false},"excerpt":{"rendered":"<p>Vi har v\u00e5r egen &laquo;FLARM-Radar&raquo; mottager p\u00e5 Klanten. Link til visning av fly med FLARM: \u00abGlide &amp; Seek\u00bb Klikk symbolet\u00a0 \u00abLayers\u00bb for \u00e5 velge veier, mottagere, v\u00e6r etc i kartet For \u00e5 se hvilken dekning vi har oppn\u00e5dd over tid &hellip; <a href=\"https:\/\/hallingdalflyklubb.no\/wordpress\/flyging\/asw19b\/\">Les videre <span class=\"meta-nav\">&rarr;<\/span><\/a><\/p>\n","protected":false},"author":9,"featured_media":0,"parent":4177,"menu_order":0,"comment_status":"closed","ping_status":"closed","template":"","meta":{"footnotes":""},"class_list":["post-3339","page","type-page","status-publish","hentry"],"_links":{"self":[{"href":"https:\/\/hallingdalflyklubb.no\/wordpress\/wp-json\/wp\/v2\/pages\/3339","targetHints":{"allow":["GET"]}}],"collection":[{"href":"https:\/\/hallingdalflyklubb.no\/wordpress\/wp-json\/wp\/v2\/pages"}],"about":[{"href":"https:\/\/hallingdalflyklubb.no\/wordpress\/wp-json\/wp\/v2\/types\/page"}],"author":[{"embeddable":true,"href":"https:\/\/hallingdalflyklubb.no\/wordpress\/wp-json\/wp\/v2\/users\/9"}],"replies":[{"embeddable":true,"href":"https:\/\/hallingdalflyklubb.no\/wordpress\/wp-json\/wp\/v2\/comments?post=3339"}],"version-history":[{"count":14,"href":"https:\/\/hallingdalflyklubb.no\/wordpress\/wp-json\/wp\/v2\/pages\/3339\/revisions"}],"predecessor-version":[{"id":5912,"href":"https:\/\/hallingdalflyklubb.no\/wordpress\/wp-json\/wp\/v2\/pages\/3339\/revisions\/5912"}],"up":[{"embeddable":true,"href":"https:\/\/hallingdalflyklubb.no\/wordpress\/wp-json\/wp\/v2\/pages\/4177"}],"wp:attachment":[{"href":"https:\/\/hallingdalflyklubb.no\/wordpress\/wp-json\/wp\/v2\/media?parent=3339"}],"curies":[{"name":"wp","href":"https:\/\/api.w.org\/{rel}","templated":true}]}}