{"id":5239,"date":"2022-03-08T23:56:47","date_gmt":"2022-03-08T21:56:47","guid":{"rendered":"http:\/\/hallingdalflyklubb.no\/wordpress\/?page_id=5239"},"modified":"2022-03-09T22:51:13","modified_gmt":"2022-03-09T20:51:13","slug":"spot-tracking","status":"publish","type":"page","link":"https:\/\/hallingdalflyklubb.no\/wordpress\/spot-tracking\/","title":{"rendered":"Spot-tracking"},"content":{"rendered":"\n<figure class=\"wp-block-image\"><img decoding=\"async\" src=\"https:\/\/content.findmespot.com\/images\/spotgen3.png\" alt=\"\"\/><\/figure>\n\n\n\n<p><\/p>\n\n\n\n<p><strong>Klubbmedlemmer med private &amp; aktive SPOT Trackere kan f\u00f8lges <strong>under flyging her<\/strong><\/strong><strong>:<\/strong><\/p>\n\n\n\n<p><a rel=\"noreferrer noopener\" href=\"https:\/\/maps.findmespot.com\/s\/ZDWF\" target=\"_blank\">Hans Gjengedal  &#8211; Data inntil 7 d\u00f8gn <\/a><\/p>\n\n\n\n<p><a rel=\"noreferrer noopener\" href=\"https:\/\/maps.findmespot.com\/s\/6S2Z\" target=\"_blank\">P\u00e5l Arve Halstensg\u00e5rd &#8211;  Data inntil 7 d\u00f8gn <\/a><\/p>\n\n\n\n<p><a rel=\"noreferrer noopener\" href=\"https:\/\/maps.findmespot.com\/s\/MG8M\" target=\"_blank\">Ole Baartvedt &#8211; Data inntil 7 d\u00f8gn<\/a>             &#8212;&#8212;&#8212;                   <a rel=\"noreferrer noopener\" href=\"https:\/\/maps.findmespot.com\/s\/Z9DQ\" target=\"_blank\">Historiske Data<\/a><\/p>\n\n\n\n<p><a rel=\"noreferrer noopener\" href=\"https:\/\/maps.findmespot.com\/s\/9P3N\/Z1\" target=\"_blank\">Olav Heggemsnes  &#8211; Data inntil 7 d\u00f8gn<\/a>   <\/p>\n\n\n\n<hr class=\"wp-block-separator\"\/>\n\n\n\n<p><em>Har du en SPOT-Tracker du vil ha publisert p\u00e5 denne siden? &#8211; Ta kont<\/em>akt med Ole B<\/p>\n","protected":false},"excerpt":{"rendered":"<p>Klubbmedlemmer med private &amp; aktive SPOT Trackere kan f\u00f8lges under flyging her: Hans Gjengedal &#8211; Data inntil 7 d\u00f8gn P\u00e5l Arve Halstensg\u00e5rd &#8211; Data inntil 7 d\u00f8gn Ole Baartvedt &#8211; Data inntil 7 d\u00f8gn &#8212;&#8212;&#8212; Historiske Data Olav Heggemsnes &#8211; &hellip; <a href=\"https:\/\/hallingdalflyklubb.no\/wordpress\/spot-tracking\/\">Les videre <span class=\"meta-nav\">&rarr;<\/span><\/a><\/p>\n","protected":false},"author":20,"featured_media":0,"parent":0,"menu_order":0,"comment_status":"closed","ping_status":"closed","template":"","meta":{"footnotes":""},"class_list":["post-5239","page","type-page","status-publish","hentry"],"_links":{"self":[{"href":"https:\/\/hallingdalflyklubb.no\/wordpress\/wp-json\/wp\/v2\/pages\/5239","targetHints":{"allow":["GET"]}}],"collection":[{"href":"https:\/\/hallingdalflyklubb.no\/wordpress\/wp-json\/wp\/v2\/pages"}],"about":[{"href":"https:\/\/hallingdalflyklubb.no\/wordpress\/wp-json\/wp\/v2\/types\/page"}],"author":[{"embeddable":true,"href":"https:\/\/hallingdalflyklubb.no\/wordpress\/wp-json\/wp\/v2\/users\/20"}],"replies":[{"embeddable":true,"href":"https:\/\/hallingdalflyklubb.no\/wordpress\/wp-json\/wp\/v2\/comments?post=5239"}],"version-history":[{"count":22,"href":"https:\/\/hallingdalflyklubb.no\/wordpress\/wp-json\/wp\/v2\/pages\/5239\/revisions"}],"predecessor-version":[{"id":5271,"href":"https:\/\/hallingdalflyklubb.no\/wordpress\/wp-json\/wp\/v2\/pages\/5239\/revisions\/5271"}],"wp:attachment":[{"href":"https:\/\/hallingdalflyklubb.no\/wordpress\/wp-json\/wp\/v2\/media?parent=5239"}],"curies":[{"name":"wp","href":"https:\/\/api.w.org\/{rel}","templated":true}]}}